f i and v.
12
Let f = 16 + -13. Suppose -4*t + f*t = -33. Let h(n) = n**3 + 2*n**2 - 4*n. Let g be h(3). Calculate the greatest common divisor of g and t.
33
Let x = -2966 - -3050. Let z = 49 + -28. Calculate the greatest common factor of z and x.
21
Let r be (-4)/(-12) + (-29)/(-3). Let f(p) = p**3 - 6*p**2 + 8*p + 2. Let z be f(4). Suppose z*o = -34 + 38. Calculate the highest common factor of o and r.
2
Suppose 2*q = q - 16. Let d be q/(-12)*(-6)/(-4). Calculate the highest common factor of 2 and d.
2
Let l(w) = -7*w + 1. Let r be l(-3). Let g = r + -11. Let o(v) = v**3 - 12*v**2 + 16*v + 1. Let u be o(g). Calculate the highest common divisor of u and 14.
14
Suppose -t = t - 26. Let p(k) = -k**2 + 39*k + 52. Let h be p(0). Calculate the highest common factor of h and t.
13
Let g = 2 + 2. Suppose g*b - 31 = -3*v, -4*v - b = 3*b - 44. Suppose 0 = 3*z - 15, -5*l + 179 = z - 86. Calculate the greatest common divisor of l and v.
13
Suppose -29 = -5*a + 16. Let g = -23 + 20. Let h(s) = s**2 + 4*s + 4. Let x be h(g). What is the highest common factor of a and x?
1
Suppose 9 = 3*f - 0. Suppose -3*z + 2*z - 16 = 0. Let d = -4 - z. What is the greatest common factor of f and d?
3
Let t(u) = 2*u + 1. Let f be t(5). Suppose 7 + 7 = 14*s. What is the greatest common factor of f and s?
1
Let f(v) = 6*v - 36. Let q be f(12). Calculate the greatest common factor of q and 4.
4
Let a be 9825/36 - 13/(-156). What is the greatest common divisor of a and 42?
21
Suppose 6*i - 6*z = -4*z + 284, -2*i + z = -93. Calculate the highest common factor of i and 1127.
49
Suppose -4*x = 3*l - 47, 3*x - 20 = 4*l + 34. Calculate the greatest common divisor of 14 and x.
14
Let k = -76 + 66. Let g be 6/k*((-180)/(-6))/(-6). What is the highest common factor of 15 and g?
3
Let d(p) be the second derivative of 2*p**3/3 + 11*p. Let n be d(2). Calculate the highest common divisor of n and 72.
8
Let m = -53 - -91. What is the greatest common divisor of 399 and m?
19
Suppose 6 + 0 = 3*c. Suppose c*m = -2*s + 56, 2*m + 3*m + s - 136 = 0. What is the greatest common factor of m and 189?
27
Let d(y) = y**2 - 2*y + 53. Let l be d(0). Let v = 129 - l. What is the highest common divisor of v and 114?
38
Let q(g) = g**3 + 11*g**2 + 6*g - 20. Let r be q(-10). Calculate the greatest common divisor of r and 20.
20
Let i(p) = 2*p + 24. Let n be i(2). Suppose 2*z = 4*k + 132, z - 2*z + 68 = -k. What is the greatest common divisor of n and z?
14
Suppose -63 = -3*p + 5*h, -3*h - 4*h = -4*p + 84. Calculate the highest common divisor of 399 and p.
21
Let m(s) = 3*s**2 + 79*s + 67. Let y be m(-28). What is the greatest common factor of y and 18?
9
Let h be -2*19 + 1 + -1. Let q = h - -53. Suppose -4*f - 5*m + 4 + 51 = 0, 0 = -f - 5*m + 10. Calculate the highest common factor of f and q.
15
Let c(z) = 18*z + 5. Let m be c(3). Calculate the greatest common divisor of m and 177.
59
Let w(m) = m**3 - 6*m**2 - 2*m + 10. Let t be w(6). Let d be -1 - -9 - (t - (-2)/(-1)). Calculate the greatest common divisor of d and 84.
12
Let x be ((-140)/(-6))/((-26)/(-117)). What is the greatest common factor of 30 and x?
15
Let t = 94 - 69. Suppose 0 = -3*c + c + 6. Suppose -c*w + 825 = -0*w. Calculate the highest common factor of w and t.
25
Let j(x) be the third derivative of x**6/120 + x**5/15 - x**4/8 + 13*x**3/6 + 32*x**2. Let v be j(-5). Calculate the highest common factor of v and 6.
3
Suppose 0 = -3*n, n = 2*m + 2*n - 48. Let u be (440/48 - 9) + 142/12. What is the greatest common factor of u and m?
12
Suppose 3*t = 2*t + 15. Let i be 162 - 2 - 210/(-42). What is the highest common factor of i and t?
15
Let r be ((-58)/(-6) + -1)*3. Suppose 0 = v - 1, 75 + 2 = 2*y - v. Calculate the highest common divisor of r and y.
13
Let v(l) = 3*l. Let f = 7 - 3. Let w be v(f). Suppose 0 = -5*t - 5, 3*o - 40 = 2*t + 2*t. Calculate the highest common factor of w and o.
12
Let z(q) = 3*q + 1. Let t be 43/(-9) - 2/9. Let b be z(t). Let l be ((-96)/(-14))/((-2)/b). What is the greatest common factor of l and 32?
16
Let t = 96 + -88. Suppose 2*i = -2 + 18. Calculate the greatest common divisor of i and t.
8
Let t be (63 + -9)*4/6. Calculate the greatest common divisor of t and 708.
12
Let k be (-1 + (-15)/(-9))/(10/45). Suppose w + 0*w - 9 = -k*t, -5*w - t = -31. What is the greatest common factor of w and 15?
3
Let r = 384 - 368. What is the highest common factor of 112 and r?
16
Let i(n) = -35*n. Let u be i(-2). Suppose -3*k + 2*k - 56 = 2*y, 4*k = -5*y - 230. Let a be (0 + 4/3)*k/(-8). Calculate the greatest common factor of u and a.
10
Suppose -4 - 2 = -6*l. Let a = -7 + 15. What is the greatest common divisor of a and l?
1
Suppose 2*x = 3*x + n - 21, 2*n = 3*x - 78. Let i = x - 12. Calculate the highest common factor of 24 and i.
12
Suppose l + 6 = -3. Let r = l - -12. Suppose 5*s + r*a = 80, 2*s - 4*a - 1 = a. Calculate the greatest common factor of 91 and s.
13
Let p be 49/(-42) - (-5047)/42. Calculate the highest common divisor of 1 and p.
1
Let m(l) be the second derivative of -l**5/20 + 5*l**4/4 - 5*l**3/2 + 19*l**2/2 - 10*l. Let p be m(14). Calculate the greatest common factor of p and 15.
5
Suppose -5*b + 0*b = -455. What is the highest common factor of b and 13?
13
Let m be (3 - 0 - -172) + 1. Let x(z) = z - 8. Let w be x(10). Suppose 4*k + 14 = p, -5*p = -w*k - 2*k - 102. What is the greatest common divisor of m and p?
22
Let g(b) = -85*b + 44. Let p be g(-4). What is the greatest common divisor of p and 48?
48
Suppose -5*g + 21 = -2*g. Suppose 38*m = 44*m - 336. What is the greatest common factor of m and g?
7
Let c(f) = f**3 - 5*f**2 + 5*f - 1. Let q be c(4). Let s(r) = 30*r + 6. Let m be s(q). Suppose 0*a - 4*a = -m. Calculate the greatest common factor of a and 12.
12
Suppose 5*l = -5*g + 100, -2*l - 3*l - 26 = -g. Let b(z) = 146*z**2 + 18*z + 19. Let x be b(-1). Calculate the greatest common factor of x and g.
21
Let m be (-8)/18 + (-31372)/(-279). Calculate the highest common factor of 70 and m.
14
Let n(l) = 3*l**2 - 4*l + 1. Let u be n(-7). Suppose -2*z + 1 = -9. Let w = z - -17. Calculate the highest common factor of w and u.
22
Let k(o) = -6*o + 2. Let z(b) = b - 1. Let x(j) = 3*k(j) + 12*z(j). Let a be x(-6). Suppose -679 = 11*w - 745. What is the greatest common factor of w and a?
6
Suppose 107*p + 28 = 109*p. Suppose 224 = 2*x + 28. What is the greatest common divisor of x and p?
14
Suppose 0*l - 5*l + 910 = 0. Calculate the highest common divisor of l and 52.
26
Suppose 966 = l + 2*l + 2*z, -4*l = 2*z - 1290. Suppose 6*f - l = -3*f. Calculate the highest common factor of f and 54.
18
Suppose s - w = 13 + 13, 3*w = 4*s - 108. Let p(y) = y**3 + 9*y**2 + y + 4. Let c be p(-8). What is the highest common divisor of c and s?
30
Let j = 38 - -1. Let q = 2221 - 2195. What is the highest common factor of j and q?
13
Suppose 2*t = -2*t + 12. Suppose t*k + 3*o = 75, -2*o - o = 15. Suppose 31*x = 53*x - 110. What is the highest common divisor of k and x?
5
Suppose 2*v + 12 = 4*f, f + 5 = -v + 2*f. Let i be v/((-24)/170) - 1/3. Calculate the highest common divisor of i and 7.
7
Suppose -94*g = -97*g + 1122. Calculate the greatest common factor of g and 68.
34
Let z be ((-1)/2)/((-1)/230). Suppose 0 = -12*v + 8*v + 20. Suppose d - 3*d - 121 = -5*x, -2*x - v*d = -31. What is the highest common factor of z and x?
23
Suppose 0 = -4*w - 4*o + 2740, -4*w = 3*o - 2405 - 340. Calculate the greatest common factor of 6 and w.
6
Let a(o) = o**3 + 24*o**2 + 50*o - 7. Let d be a(-21). Calculate the highest common factor of 38 and d.
38
Let d be (42/147)/(1/469). What is the highest common divisor of 2 and d?
2
Let w = 26 + -23. Suppose w*m = 2*m + 5. Calculate the highest common divisor of m and 45.
5
Let y(s) = s**2 + 5*s - 11. Let u be y(3). Calculate the greatest common divisor of 351 and u.
13
Let b = 237 + -105. Suppose -70 = -5*u + 116 + 34. What is the highest common divisor of b and u?
44
Let i(u) = 148*u - 4. Let s be i(1). Let k = s + -138. What is the greatest common factor of 6 and k?
6
Suppose 0 = -g - 2, 3*j - 4*g + 1 = -0*g. Let u be ((-24)/(-28))/(j/(-189)). What is the greatest common factor of u and 6?
6
Let m = -952 + 954. What is the highest common divisor of m and 24?
2
Let s = 68 - 40. Let w = -1